hat is w(-7)?
-38
Let s(n) = n**2 - 5*n + 4. Let y(h) = -5 - 2*h + 17 + 5*h**2 - 2*h - 10. Let i be y(1). What is s(i)?
-2
Let m(a) = 41 - 13 + a**2 + 2*a - 3*a - 18. Determine m(0).
10
Let c(j) = -3 + 2*j**3 - 6*j**3 + 5 - 1. Suppose 0 = 2*u - 5*g + 12, 2*u - 1 = g - 5. Give c(u).
5
Let b(f) be the third derivative of f**4/6 + 5*f**3/6 + 118*f**2 + 3*f. Give b(-3).
-7
Let z(i) be the second derivative of 3*i**5/20 - i**4/6 - i**2 + i + 35. What is z(2)?
14
Let k(c) = c**2 + 3*c - 1. Suppose -4*l - 147 = -151. Suppose 0 = -3*j + r - 0*r + 4, 10 = 2*r. Suppose -t + 3 = -2*p - l, 0 = -j*p + t - 7. Determine k(p).
-1
Let k(q) = q**3 + 10*q**2 - 10*q + 9. Let w = -289 - -278. Give k(w).
-2
Let w(a) = -a**2 + 3. Let z(k) = 2*k**2 - k - 7. Let m(n) = 7*w(n) + 4*z(n). Suppose -12 = -2*r - h, 0 = -18*h + 13*h. Determine m(r).
5
Let c = 11 + -4. Let q(z) = -2*z**2 + 1 + z + c*z**2 - z**3 - 2. Suppose 0 = -5*l + 25 - 0. What is q(l)?
4
Suppose -2*f - 40 + 12 = 0. Let t = f - -18. Suppose 4*w - t + 24 = 0. Let r(x) = x**3 + 4*x**2 - 7*x - 6. Give r(w).
4
Let i(u) = -2*u**2 + 2*u**3 + 5*u - u**3 - 3*u - 36 + 0*u**2 + 40. What is i(3)?
19
Let y(b) = -59 + 4*b + 134 - 47. Give y(-8).
-4
Let j(b) be the second derivative of -4*b**2 + 0 + 1/2*b**3 - 7*b. Determine j(6).
10
Let v(a) be the third derivative of -a**6/120 + a**4/4 - a**3/2 - 56*a**2. Calculate v(4).
-43
Let y(f) = f - 15. Suppose 7*c - 85 = 27. Calculate y(c).
1
Let x(h) = 4*h + 1. Let y(c) = 5*c - 19. Let i(w) = -w + 5. Let u(t) = 18*i(t) + 4*y(t). Let j be u(-8). Give x(j).
-7
Let q(l) be the third derivative of 0*l - 1/60*l**5 - 8*l**2 + 1/12*l**4 + 0 - 2/3*l**3. Give q(4).
-12
Let t(u) = -u**3 - 2*u**2 + 2*u + 6. Let p be t(-2). Let l(m) = 2*m**2 - 7*m. Let i(s) = s + 1. Suppose 0*d = 2*d + 6. Let k(g) = d*i(g) - l(g). Calculate k(p).
-3
Let u = -77 - -88. Let l be (2/u + 27/33)*-3. Let h(k) = k + 4. Calculate h(l).
1
Let d = -34 - -34. Let j(b) = b**2 + 6. Let h be j(d). Let x(m) = -m**2 + 9*m - 5. Determine x(h).
13
Let a(g) = -g**3 - 6*g**2 - 6. Let z(b) = -1. Let t(j) = a(j) + z(j). Let h be ((-12)/10)/((-2)/(-10)). Calculate t(h).
-7
Suppose 3*b + 9 = -5*z, b - 7*z - 11 = -4*z. Let r(q) = 8 + q**2 - 8 + 1 - q - 2*q**b + 13*q**3. Determine r(1).
12
Let r(w) = w**2 + w - 1. Let y(i) = -7 + 12*i - 8*i + 0*i**2 + 6*i**2. Let g(c) = -5*r(c) + y(c). Determine g(3).
4
Let w(x) = x**3 + 6*x**2 + x - 5. Let t = 147 - 131. Let d be 2/t - 98/16. Calculate w(d).
-11
Let u(v) = -2*v**3 - v**2 + 3*v + 3. Let o be u(-2). Let d be 16/12*o/(-6). Let j(f) = -f**2 - 2*f - 2. What is j(d)?
-2
Let d(u) = 12*u - 3. Let j be 77/(-44)*-2*(-4)/(-7). Give d(j).
21
Let m be 2/(8/(-20)) - 24/8. Let d(h) = -2*h - 18. Calculate d(m).
-2
Let b(w) = 4*w**2 + 7*w - 9. Let q be b(1). Let t(m) be the third derivative of -q*m**2 + 1/4*m**4 + 0*m + 1/6*m**3 + 0. Give t(-1).
-5
Let r(i) = -7*i - 12*i - i**3 - 5*i**2 - 10*i + 439 + 26*i - 440. Let m = -10 - -5. What is r(m)?
14
Suppose 16 = h + 7*h. Let v(y) = y**2 - 16*y**3 + 4*y**h + 28*y**3 + 4 - 13*y**3 - 4*y. Suppose 4*z = 9 + 7. Determine v(z).
4
Let y = -12 - -16. Let o be -1 - 12/y - -5. Let p be 1 - (o + 0 - 4). Let t(x) = x**3 - 4*x**2 - 3*x + 1. Determine t(p).
-11
Suppose -10*m = -51*m. Let y(b) = b + 8. Give y(m).
8
Let i(f) be the third derivative of f**6/120 - 7*f**5/60 + 3*f**4/8 - 5*f**3/6 + 115*f**2. What is i(6)?
13
Let z(l) = 2*l - 3. Suppose 0 = -2*h - 4*i + 8, -11 = h - 2*h + 5*i. Calculate z(h).
9
Let n(a) = -2*a**2 + 5*a - 4. Let f = -2 + 6. Suppose -2*w - 2*w = 4*x + f, -3*w + 3 = x. Let p be n(w). Let c(u) = 2*u + 3. Determine c(p).
-1
Let n(j) be the first derivative of 4*j**3/3 - 2*j - 2. What is n(-2)?
14
Let r(j) = -j - 10. Let w(s) = -3*s - 19. Let y be 42/(-3) - 2*-2. Let g = y + 12. Let c(v) = g*w(v) - 5*r(v). Determine c(6).
6
Let a(s) = s**2 - 6*s + 2. Let l(b) be the first derivative of 2*b**4 - 4*b**3/3 + 2*b + 19. Let v be l(1). Give a(v).
2
Let v = -58 + 61. Let u(c) be the first derivative of 3*c**2/2 - 4*c + 10. What is u(v)?
5
Let v be 5 - 517/99 - 2/(-9). Let y(w) be the second derivative of 1/6*w**3 + 0 + w + 3*w**2. Give y(v).
6
Let n(a) be the second derivative of -2*a**4/3 - a**3/2 + 2*a**2 + 29*a. Let p be n(1). Let z(c) = -2*c + 6. Determine z(p).
20
Suppose -2*w = 3*t + 24, 0 = -5*w + 3*w + 3*t. Let l(y) = 2*y**2 + 9*y + 4. Give l(w).
22
Let v(r) = -12*r. Let t(f) = f. Let w(s) = 22*t(s) + 2*v(s). Let q(a) = -a. Let g(l) = -11*q(l) + 6*w(l). What is g(5)?
-5
Let d(f) = 108*f + 762. Let w be d(-7). Let u(v) = 8*v - 2. Determine u(w).
46
Let o(w) = -31*w**2 + 11*w + 4 + w**3 + 12 - 24 + 23*w**2. What is o(7)?
20
Let h(t) = -t**2 - 2*t + 1. Let r(o) = o**2 - 5*o - 1. Let j be r(6). Suppose p + 4*y = j, -9 = -2*p - 2*y + 13. Suppose 8*d - p*d - 15 = 0. Give h(d).
-2
Let h = 3 - 6. Let f(y) be the first derivative of y**2/2 + 3*y + 17. Let s be f(h). Let z(x) = x**3 - x**2 - x - 7. Give z(s).
-7
Let l(i) = i - 4. Let d be 3/(-5) + 152/20. Let t be (-46)/(-14) + 1 + (-9)/d. Calculate l(t).
-1
Suppose -3*l = -5*q + 13, 0 = -q - l - 0 + 1. Let f(s) = 3 + s - 1 + 3*s**q + 3*s**3 - 4*s**3. Suppose 54*u - u - 159 = 0. Give f(u).
5
Let u(y) = y**2 - 8*y + 1. Suppose 6*m + p = 2*m - 169, 5*m + 220 = -3*p. Let x = 47 + m. Calculate u(x).
-11
Let l be 11/(-11) - (-5)/(-1). Let u be 34/l + 6/9. Let x(j) be the third derivative of j**4/24 - j**2. Calculate x(u).
-5
Let u(h) = h - 1. Let y(g) = -19*g + 14. Let j(w) = 4*w - 3. Let x(c) = 11*j(c) + 2*y(c). Let r(o) = 2*u(o) - x(o). Determine r(3).
-9
Let d be (-4)/(351/26 + -13). Let r(q) = -q**2 - 9*q + 4. Determine r(d).
12
Suppose -v + 4 = -1. Let x = -14 + v. Let i(y) = 7*y**2 + 17*y - 11. Let b(r) = 3*r**2 + 8*r - 5. Let l(k) = x*b(k) + 4*i(k). What is l(4)?
1
Let b(p) = -p**2 + 7*p - 4. Suppose -4*s = -4*o + s + 263, 12 = -4*s. Let h = 68 - o. What is b(h)?
2
Let o(b) = 2*b. Let a be o(4). Suppose -m + 12 = r + 3, 0 = -2*m - 4*r + 22. Let p = a - m. Let n(i) = 9*i + 1. Give n(p).
10
Let f(b) = b + 2*b**2 - 2 - 4*b**2 + b + b**2. Let y = -60 - -63. Calculate f(y).
-5
Suppose -25 = 5*g - 5*f, -33 = -5*g - 2*f - 86. Let z(y) = -y**3 - 9*y**2 + y + 10. Calculate z(g).
1
Let k(t) = -t**3 + 8*t**2 - 6*t - 7. Let z be k(7). Suppose p - 3*p + 10 = z. Let i(s) = -s**2 + 7 + 3*s + p*s**2 - 5*s**2 - 7*s. Determine i(-6).
-5
Suppose -3*b = 4*h + 2*b - 178, -4*b = 2*h - 92. Let l = 48 - h. Let a(p) = -p**2 + 8*p - 6. What is a(l)?
6
Let i be (-4)/(-2 - -3)*(-16)/32. Let h(k) = -k + k**3 + 5 - i + 0*k**3 - k**2 + 4. Determine h(0).
7
Let z(u) = 4*u**2 - 11*u. Let n(i) = -i**2 + 3*i. Let c(p) = 9*n(p) + 2*z(p). Suppose 4*r - 26 = -2. What is c(r)?
-6
Suppose -4 = 5*u + 4*s + 2, -5*s = 2*u + 16. Suppose 6 = -u*l + 2. Let d(o) = 0 + 1 - 4 - 8*o. Determine d(l).
13
Suppose 2*m = 4*z - 37 + 91, -3*m = 2*z + 31. Let n(b) = -b**2 - 14*b + 7. What is n(z)?
7
Let x(p) = -p**2 + 727*p - 242*p - 8 - 242*p - 244*p + 0. Give x(0).
-8
Suppose h - 2*h = 4*s - 29, 3 = -h. Let p(y) = 3*y + 10 + y**2 - s + 6*y. Determine p(-9).
2
Let d(y) be the second derivative of -y**5/20 + y**4/12 - y**3/6 - y**2/2 - y + 60. Determine d(2).
-7
Let s(o) be the second derivative of 5*o**4/12 + o**3/6 + 8*o. Suppose g - 11 + 6 = 0. Suppose -4*v + g = v. Give s(v).
6
Let c(g) = -2*g**2 - 7*g - 4. Let b be ((-200)/4)/(2*-1). Let h = b + -24. Suppose 0 = 3*k + n + 12, 2*k + 0*n + 3*n = -h. Determine c(k).
-19
Let n(s) be the first derivative of -8/3*s**3 + 1/4*s**4 - 31 - 7*s - 1/2*s**2. Give n(8).
-15
Suppose 7*h = 12*h + 45. Let n(p) = -4*p**3 - 12*p**2 + 6. Let a(r) = -3*r**3 - 11*r**2 + 5. Let w(g) = 3*a(g) - 2*n(g). What is w(h)?
3
Suppose -49*b = 97 - 391. Let g(z) = 2*z - 6 - 7 - z. What is g(b)?
-7
Let y(i) be the second derivative of -2*i**3 - i**2 + 143*i. Determine y(-3).
34
Let c(j) = -j - 3*j + j. Let l = 484 - 481. Give c(l).
-9
Let y(i) = -3*i**2 + i + 2. Let m(w) be the third derivative of 13*w**5/60 - 5*w**4/24 - 3*w**3/2 + 9*w**2. Let u(x) = 2*m(x) + 9*y(x). Determine u(2).
-6
Let u(g) = -201 + 102 + 9*g**2 - 7*g + g**3 + 108. What is u(-10)?
-21
Suppose 0 = -4*v - 2*o - 6, 3*v - 2*o - 15 = -2*v. Let w(l) = 9*l + 2 - 13*l + 5*l + v. Calculate w(-4).
-1
Let z be 0*((-78)/12)/13. Let r(n) = n**3 + n**2 - n + 7. Give r(z